{"id":15,"date":"2018-02-14T14:10:35","date_gmt":"2018-02-14T14:10:35","guid":{"rendered":"http:\/\/julia-arend-handgestrickt.de\/?page_id=15"},"modified":"2018-02-14T14:11:21","modified_gmt":"2018-02-14T14:11:21","slug":"wie-alles-begann","status":"publish","type":"page","link":"https:\/\/julia-arend-handgestrickt.de\/?page_id=15","title":{"rendered":"Wie alles begann"},"content":{"rendered":"<div>\n<p><em><strong>Was gibt es Sch\u00f6neres als eine selbstgestrickte Decke?<\/strong><\/em><\/p>\n<\/div>\n<div>\n<p>Was ist behaglicher, als sich an einem ungem\u00fctlichen Herbstnachmittag in eine handgestrickte Decke zu kuscheln, und hei\u00dfen Tee und ein gutes Buch zu genie\u00dfen? Gibt es eine individuellere Dekoration f\u00fcr Sofa, Sessel oder G\u00e4stebett, als eine farblich abgestimmte handgestrickte Wolldecke?<\/p>\n<\/div>\n<div class=\"textblock textblockleft\">\n<div class=\"row\">\n<div class=\"extra\">\n<div class=\"component block idFD70C0A1CBC44C7780CB440842FF95D4\">\n<div><\/div>\n<\/div>\n<\/div>\n<\/div>\n<\/div>\n<div>\n<p>Ich selbst hatte damals meine \u201eStrickoma\u201c, die solche Kunstwerke in liebevoller, langwieriger Handarbeit aus einem St\u00fcck fertigte. Die Oma meiner Kinder reist gerne, geht zum Sport und zum Italienisch-Unterricht. F\u00fcrs Stricken ist sie nicht zu begeistern.<\/p>\n<p><img decoding=\"async\" loading=\"lazy\" class=\"alignnone size-medium wp-image-16\" src=\"http:\/\/julia-arend-handgestrickt.de\/wp-content\/uploads\/2018\/02\/f\u00fcr_Banner_farbig-225x300.png\" alt=\"f\u00fcr_Banner_farbig\" width=\"225\" height=\"300\" srcset=\"https:\/\/julia-arend-handgestrickt.de\/wp-content\/uploads\/2018\/02\/f\u00fcr_Banner_farbig-225x300.png 225w, https:\/\/julia-arend-handgestrickt.de\/wp-content\/uploads\/2018\/02\/f\u00fcr_Banner_farbig.png 266w\" sizes=\"(max-width: 225px) 100vw, 225px\" \/><\/p>\n<p>Da ich auf eine Wolldecke, die zu unserer Familie und zu unserm Zuhause passt jedoch nicht verzichten wollte, habe ich mich selbst ans Werk gemacht. Beim Stricken habe ich festgestellt, wie viel Freude mir die Herstellung individueller Wolldecken macht, dass mich das Stricken entspannt und die Fertigstellung einer jeden Decke einem Abenteuer gleicht.<\/p>\n<p>Inzwischen sind sowohl Familie, als auch Freundeskreis mit gro\u00dfen und kleinen, bunten und einfarbigen und vor allem sehr pers\u00f6nlichen Kunstwerken \u201eeingedeckt\u201c. Um ein wenig Abwechslung in mein Tun zu bringen, fertige ich seit einiger Zeit auch farbenfrohe T\u00fccher, Kissenbez\u00fcge und andere nette Kleinigkeiten.<\/p>\n<\/div>\n","protected":false},"excerpt":{"rendered":"<p>Was gibt es Sch\u00f6neres als eine selbstgestrickte Decke? Was ist behaglicher, als sich an einem ungem\u00fctlichen Herbstnachmittag in eine handgestrickte Decke zu kuscheln, und hei\u00dfen Tee und ein gutes Buch zu genie\u00dfen? Gibt es eine individuellere Dekoration f\u00fcr Sofa, Sessel oder G\u00e4stebett, als eine farblich abgestimmte handgestrickte Wolldecke? Ich selbst hatte damals meine \u201eStrickoma\u201c, die &hellip; <a href=\"https:\/\/julia-arend-handgestrickt.de\/?page_id=15\" class=\"more-link\"><span class=\"screen-reader-text\">Wie alles begann<\/span> weiterlesen <span class=\"meta-nav\">&rarr;<\/span><\/a><\/p>\n","protected":false},"author":1,"featured_media":0,"parent":0,"menu_order":0,"comment_status":"closed","ping_status":"closed","template":"","meta":[],"_links":{"self":[{"href":"https:\/\/julia-arend-handgestrickt.de\/index.php?rest_route=\/wp\/v2\/pages\/15"}],"collection":[{"href":"https:\/\/julia-arend-handgestrickt.de\/index.php?rest_route=\/wp\/v2\/pages"}],"about":[{"href":"https:\/\/julia-arend-handgestrickt.de\/index.php?rest_route=\/wp\/v2\/types\/page"}],"author":[{"embeddable":true,"href":"https:\/\/julia-arend-handgestrickt.de\/index.php?rest_route=\/wp\/v2\/users\/1"}],"replies":[{"embeddable":true,"href":"https:\/\/julia-arend-handgestrickt.de\/index.php?rest_route=%2Fwp%2Fv2%2Fcomments&post=15"}],"version-history":[{"count":1,"href":"https:\/\/julia-arend-handgestrickt.de\/index.php?rest_route=\/wp\/v2\/pages\/15\/revisions"}],"predecessor-version":[{"id":17,"href":"https:\/\/julia-arend-handgestrickt.de\/index.php?rest_route=\/wp\/v2\/pages\/15\/revisions\/17"}],"wp:attachment":[{"href":"https:\/\/julia-arend-handgestrickt.de\/index.php?rest_route=%2Fwp%2Fv2%2Fmedia&parent=15"}],"curies":[{"name":"wp","href":"https:\/\/api.w.org\/{rel}","templated":true}]}}

<div>
<p><em><strong>Was gibt es Schöneres als eine selbstgestrickte Decke?</strong></em></p>
</div>
<div>
<p>Was ist behaglicher, als sich an einem ungemütlichen Herbstnachmittag in eine handgestrickte Decke zu kuscheln, und heißen Tee und ein gutes Buch zu genießen? Gibt es eine individuellere Dekoration für Sofa, Sessel oder Gästebett, als eine farblich abgestimmte handgestrickte Wolldecke?</p>
</div>
<div class="textblock textblockleft">
<div class="row">
<div class="extra">
<div class="component block idFD70C0A1CBC44C7780CB440842FF95D4">
<div></div>
</div>
</div>
</div>
</div>
<div>
<p>Ich selbst hatte damals meine „Strickoma“, die solche Kunstwerke in liebevoller, langwieriger Handarbeit aus einem Stück fertigte. Die Oma meiner Kinder reist gerne, geht zum Sport und zum Italienisch-Unterricht. Fürs Stricken ist sie nicht zu begeistern.</p>
<p><img decoding="async" loading="lazy" class="alignnone size-medium wp-image-16" src="http://julia-arend-handgestrickt.de/wp-content/uploads/2018/02/für_Banner_farbig-225x300.png" alt="für_Banner_farbig" width="225" height="300" srcset="https://julia-arend-handgestrickt.de/wp-content/uploads/2018/02/für_Banner_farbig-225x300.png 225w, https://julia-arend-handgestrickt.de/wp-content/uploads/2018/02/für_Banner_farbig.png 266w" sizes="(max-width: 225px) 100vw, 225px" /></p>
<p>Da ich auf eine Wolldecke, die zu unserer Familie und zu unserm Zuhause passt jedoch nicht verzichten wollte, habe ich mich selbst ans Werk gemacht. Beim Stricken habe ich festgestellt, wie viel Freude mir die Herstellung individueller Wolldecken macht, dass mich das Stricken entspannt und die Fertigstellung einer jeden Decke einem Abenteuer gleicht.</p>
<p>Inzwischen sind sowohl Familie, als auch Freundeskreis mit großen und kleinen, bunten und einfarbigen und vor allem sehr persönlichen Kunstwerken „eingedeckt“. Um ein wenig Abwechslung in mein Tun zu bringen, fertige ich seit einiger Zeit auch farbenfrohe Tücher, Kissenbezüge und andere nette Kleinigkeiten.</p>
</div>

<p>Was gibt es Schöneres als eine selbstgestrickte Decke? Was ist behaglicher, als sich an einem ungemütlichen Herbstnachmittag in eine handgestrickte Decke zu kuscheln, und heißen Tee und ein gutes Buch zu genießen? Gibt es eine individuellere Dekoration für Sofa, Sessel oder Gästebett, als eine farblich abgestimmte handgestrickte Wolldecke? Ich selbst hatte damals meine „Strickoma“, die &hellip; <a href="https://julia-arend-handgestrickt.de/?page_id=15" class="more-link"><span class="screen-reader-text">Wie alles begann</span> weiterlesen <span class="meta-nav">&rarr;</span></a></p>
